of 3 and 2189892?
3
Calculate the highest common divisor of 124 and 1054.
62
What is the highest common divisor of 559 and 4773?
43
What is the greatest common factor of 352 and 5874?
22
What is the greatest common divisor of 267634 and 38?
38
What is the highest common divisor of 3283 and 98?
49
What is the highest common divisor of 2909126 and 110?
22
Calculate the highest common divisor of 229 and 212741.
229
What is the highest common divisor of 221656 and 1442?
206
Calculate the greatest common divisor of 292347 and 99.
99
What is the greatest common factor of 403 and 992?
31
Calculate the highest common divisor of 1660 and 1100.
20
Calculate the greatest common divisor of 147549 and 2055.
411
Calculate the greatest common divisor of 323250 and 1500.
750
What is the greatest common factor of 12474 and 420?
42
Calculate the highest common divisor of 5736 and 656.
8
Calculate the greatest common divisor of 117 and 98163.
117
Calculate the greatest common factor of 24674 and 2482.
146
Calculate the greatest common factor of 55 and 35435.
5
Calculate the greatest common divisor of 2678 and 871.
13
Calculate the highest common factor of 50 and 1710075.
25
Calculate the highest common divisor of 144 and 14736.
48
Calculate the greatest common factor of 4016 and 1521562.
502
Calculate the highest common divisor of 7761 and 180891.
597
Calculate the highest common factor of 773 and 2.
1
Calculate the greatest common divisor of 92 and 74773.
23
Calculate the greatest common divisor of 2720 and 44064.
544
What is the highest common factor of 3349 and 34?
17
Calculate the greatest common divisor of 94022 and 954.
106
What is the greatest common divisor of 256 and 9760?
32
What is the highest common factor of 314912 and 8?
8
What is the highest common factor of 92 and 17444?
4
What is the greatest common factor of 199465 and 4170?
695
What is the highest common divisor of 124397 and 4277?
91
What is the highest common factor of 26311 and 3804?
317
Calculate the highest common divisor of 357 and 226457.
119
What is the greatest common divisor of 32215 and 1445?
85
What is the highest common divisor of 400524 and 60?
12
Calculate the greatest common divisor of 154449 and 18.
9
Calculate the greatest common divisor of 1359 and 1731.
3
What is the highest common factor of 1232 and 4306456?
616
What is the greatest common divisor of 76 and 4876?
4
Calculate the highest common factor of 6 and 94236.
6
What is the greatest common divisor of 14 and 330253?
7
What is the highest common factor of 2834 and 13298?
218
Calculate the highest common factor of 240 and 2635560.
120
What is the highest common factor of 3239 and 2419?
41
Calculate the highest common factor of 12188 and 100828.
1108
What is the greatest common factor of 10795 and 162560?
635
What is the highest common divisor of 17227 and 4669?
161
Calculate the highest common divisor of 2598936 and 48.
24
Calculate the greatest common divisor of 14016 and 20294.
146
Calculate the highest common divisor of 270 and 424008.
54
Calculate the greatest common factor of 39 and 299208.
39
What is the greatest common factor of 11771 and 158?
79
What is the greatest common divisor of 675 and 3850?
25
What is the highest common factor of 5952 and 840?
24
Calculate the highest common divisor of 1006033 and 35.
7
Calculate the highest common factor of 2960 and 4181.
37
What is the highest common factor of 464 and 11488?
16
Calculate the highest common factor of 75 and 6735.
15
Calculate the highest common divisor of 45 and 13050.
45
What is the greatest common divisor of 322900 and 350?
50
Calculate the greatest common divisor of 1291565 and 2530.
1265
What is the highest common divisor of 12685 and 430?
215
Calculate the greatest common factor of 2024 and 1895982.
506
What is the highest common factor of 627 and 175769?
209
Calculate the greatest common divisor of 235075 and 225.
25
What is the greatest common divisor of 35972 and 46?
46
Calculate the greatest common factor of 69138 and 9.
9
Calculate the highest common factor of 17101 and 1745.
349
Calculate the highest common factor of 22 and 2207744.
22
What is the greatest common divisor of 69 and 371?
1
What is the highest common factor of 44325 and 253539?
1773
What is the greatest common factor of 6210 and 79290?
90
What is the highest common divisor of 273220 and 15?
5
What is the highest common divisor of 3071141 and 19?
19
What is the highest common factor of 13664 and 2501?
61
Calculate the greatest common divisor of 140 and 74795.
35
Calculate the highest common factor of 175421 and 23.
23
What is the greatest common factor of 132587 and 104?
13
What is the greatest common factor of 528 and 108048?
48
What is the greatest common factor of 920 and 286200?
40
Calculate the greatest common divisor of 10222 and 5206.
38
What is the greatest common divisor of 63668 and 594?
22
Calculate the greatest common divisor of 168 and 88536.
168
What is the greatest common divisor of 1936 and 251504?
176
Calculate the greatest common factor of 6171 and 221.
17
What is the highest common factor of 1026 and 6194?
38
What is the highest common divisor of 5195 and 2912317?
1039
Calculate the highest common divisor of 8400 and 3900.
300
What is the greatest common divisor of 536 and 1809?
67
Calculate the greatest common factor of 228 and 984314.
38
What is the highest common factor of 1337 and 5564785?
191
Calculate the highest common divisor of 864 and 2197584.
432
Calculate the greatest common factor of 18786 and 278814.
186
What is the greatest common factor of 832 and 17728?
64
What is the highest common divisor of 36 and 2637?
9
Calculate the greatest common divisor of 2159 and 110363.
127
Calculate the highest common divisor of 267 and 52167.
3
Calculate the greatest common factor of 288 and 106320.
48
Calculate the greatest common divisor of 1804 and 32417.
11
Calculate the greatest common divisor of 357 and 19788.
51
Calculate the highest common factor of 1141041 and 2343.
2343
Calculate the highest common factor of 56 and 54320.
56
Calculate the highest common divisor of 38309 and 87.
29
What is the greatest common factor of 754 and 836186?
754
What is the greatest common factor of 29838 and 516?
6
What is the highest common divisor of 18 and 172266?
6
What is the highest common divisor of 213 and 369?
3
Calculate the greatest common divisor of 2725 and 325.
25
What is the highest common divisor of 580845 and 105?
15
Calculate the highest common divisor of 2848 and 2225.
89
What is the greatest common divisor of 9287 and 37?
37
Calculate the highest common factor of 123320 and 20.
20
Calculate the highest common divisor of 550 and 99836.
22
Calculate the greatest common factor of 4600 and 72795.
115
What is the greatest common divisor of 51156 and 464?
116
Calculate the highest common divisor of 664 and 31800.
8
Calculate the highest common factor of 90 and 649050.
30
Calculate the highest common divisor of 25532 and 362358.
982
Calculate the greatest common factor of 8 and 10948.
4
What is the highest common factor of 56 and 140140?
28
Calculate the highest common divisor of 512 and 4904.
8
What is the greatest common factor of 18 and 10926?
18
What is the highest common factor of 4988 and 559?
43
Calculate the greatest common factor of 36905 and 14640.
305
Calculate the highest common factor of 269 and 2984017.
269
What is the greatest common factor of 41503 and 2401?
343
Calculate the highest common factor of 217 and 9471.
7
What is the highest common divisor of 540212 and 1276?
116
What is the highest common divisor of 412 and 185503?
103
Calculate the greatest common divisor of 48278 and 46127.
239
What is the greatest common divisor of 6321 and 161508?
129
What is the greatest common divisor of 2258247 and 251?
251
Calculate the greatest common divisor of 42 and 560182.
14
What is the highest common divisor of 731 and 1972?
17
What is the highest common factor of 57443 and 5921?
31
What is the highest common factor of 376 and 33370?
94
What is the highest common divisor of 1911 and 27440?
49
What is the greatest common divisor of 24060 and 24?
12
Calculate the greatest common divisor of 479002 and 74.
74
Calculate the highest common factor of 169776 a